e the prime factors of 111240?
2, 3, 5, 103
List the prime factors of 34559.
7, 4937
What are the prime factors of 35002?
2, 11, 37, 43
What are the prime factors of 19108?
2, 17, 281
What are the prime factors of 18343?
13, 17, 83
List the prime factors of 6523.
11, 593
What are the prime factors of 780?
2, 3, 5, 13
What are the prime factors of 10457?
10457
What are the prime factors of 291?
3, 97
List the prime factors of 478.
2, 239
List the prime factors of 5483.
5483
List the prime factors of 8571.
3, 2857
What are the prime factors of 2526?
2, 3, 421
What are the prime factors of 36503?
173, 211
What are the prime factors of 2417?
2417
What are the prime factors of 24219?
3, 13, 23
List the prime factors of 471.
3, 157
What are the prime factors of 126528?
2, 3, 659
What are the prime factors of 1164?
2, 3, 97
List the prime factors of 4960.
2, 5, 31
What are the prime factors of 6774?
2, 3, 1129
List the prime factors of 30635.
5, 11, 557
What are the prime factors of 21950?
2, 5, 439
List the prime factors of 1083.
3, 19
What are the prime factors of 49507?
31, 1597
List the prime factors of 160.
2, 5
What are the prime factors of 41394?
2, 3, 6899
What are the prime factors of 5723?
59, 97
What are the prime factors of 399?
3, 7, 19
List the prime factors of 1591.
37, 43
List the prime factors of 41161.
41161
What are the prime factors of 5494?
2, 41, 67
What are the prime factors of 11363?
11, 1033
What are the prime factors of 32270?
2, 5, 7, 461
What are the prime factors of 6421?
6421
What are the prime factors of 3267?
3, 11
What are the prime factors of 886?
2, 443
What are the prime factors of 85183?
7, 43, 283
What are the prime factors of 619?
619
List the prime factors of 4332.
2, 3, 19
List the prime factors of 21891.
3, 7297
What are the prime factors of 4011?
3, 7, 191
What are the prime factors of 17922?
2, 3, 29, 103
What are the prime factors of 1353?
3, 11, 41
List the prime factors of 1585.
5, 317
What are the prime factors of 70751?
139, 509
List the prime factors of 143.
11, 13
What are the prime factors of 69890?
2, 5, 29, 241
List the prime factors of 5769.
3, 641
List the prime factors of 54252.
2, 3, 11, 137
What are the prime factors of 8299?
43, 193
What are the prime factors of 89569?
43, 2083
List the prime factors of 34759.
34759
List the prime factors of 753.
3, 251
What are the prime factors of 172?
2, 43
What are the prime factors of 4073?
4073
List the prime factors of 2234.
2, 1117
List the prime factors of 481.
13, 37
List the prime factors of 590.
2, 5, 59
List the prime factors of 4612.
2, 1153
What are the prime factors of 2243?
2243
List the prime factors of 5453.
7, 19, 41
What are the prime factors of 27?
3
What are the prime factors of 29891?
71, 421
What are the prime factors of 16891?
7, 19, 127
What are the prime factors of 4520?
2, 5, 113
List the prime factors of 1298.
2, 11, 59
List the prime factors of 7057.
7057
What are the prime factors of 171431?
13, 13187
List the prime factors of 1260.
2, 3, 5, 7
List the prime factors of 53099.
29, 1831
What are the prime factors of 37460?
2, 5, 1873
List the prime factors of 1188.
2, 3, 11
List the prime factors of 2847.
3, 13, 73
What are the prime factors of 160?
2, 5
List the prime factors of 1277.
1277
What are the prime factors of 1050?
2, 3, 5, 7
What are the prime factors of 16786?
2, 7, 11, 109
What are the prime factors of 25228?
2, 7, 17, 53
List the prime factors of 1550.
2, 5, 31
What are the prime factors of 683?
683
What are the prime factors of 9368?
2, 1171
What are the prime factors of 52844?
2, 11, 1201
What are the prime factors of 1227?
3, 409
List the prime factors of 129613.
11, 11783
List the prime factors of 25545.
3, 5, 13, 131
List the prime factors of 13942.
2, 6971
List the prime factors of 5500.
2, 5, 11
List the prime factors of 23016.
2, 3, 7, 137
List the prime factors of 85714.
2, 17, 2521
What are the prime factors of 80468?
2, 20117
List the prime factors of 11349.
3, 13, 97
What are the prime factors of 107?
107
List the prime factors of 11264.
2, 11
What are the prime factors of 23815?
5, 11, 433
What are the prime factors of 24526?
2, 12263
What are the prime factors of 22154?
2, 11, 19, 53
List the prime factors of 194.
2, 97
What are the prime factors of 40156?
2, 10039
What are the prime factors of 35372?
2, 37, 239
List the prime factors of 2067.
3, 13, 53
What are the prime factors of 9097?
11, 827
What are the prime factors of 54870?
2, 3, 5, 31, 59
What are the prime factors of 631?
631
List the prime factors of 70400.
2, 5, 11
What are the prime factors of 3958?
2, 1979
List the prime factors of 62640.
2, 3, 5, 29
What are the prime factors of 119737?
119737
What are the prime factors of 6262?
2, 31, 101
List the prime factors of 30576.
2, 3, 7, 13
List the prime factors of 3428.
2, 857
What are the prime factors of 4962?
2, 3, 827
What are the prime factors of 1307?
1307
What are the prime factors of 42233?
157, 269
List the prime factors of 5381.
5381
List the prime factors of 677.
677
What are the prime factors of 86690?
2, 5, 8669
What are the prime factors of 14191?
23, 617
List the prime factors of 154960.
2, 5, 13, 149
List the prime factors of 16123.
23, 701
What are the prime factors of 41235?
3, 5, 2749
List the prime factors of 7489.
7489
What are the prime factors of 92848?
2, 7, 829
List the prime factors of 1427.
1427
List the prime factors of 8149.
29, 281
List the prime factors of 12043.
12043
What are the prime factors of 2440?
2, 5, 61
List the prime factors of 866.
2, 433
What are the prime factors of 5238?
2, 3, 97
What are the prime factors of 79100?
2, 5, 7, 113
List the prime factors of 78.
2, 3, 13
What are the prime factors of 31773?
3, 7, 17, 89
What are the prime factors of 173574?
2, 3, 9643
List the prime factors of 2946.
2, 3, 491
List the prime factors of 2631.
3, 877
List the prime factors of 10321.
10321
What are the prime factors of 459?
3, 17
What are the prime factors of 23617?
11, 19, 113
List the prime factors of 4642.
2, 11, 211
What are the prime factors of 402?
2, 3, 67
What are the prime factors of 25839?
3, 11, 29
What are the prime factors of 3522?
2, 3, 587
What are the prime factors of 7950?
2, 3, 5, 53
List the prime factors of 2545.
5, 509
List the prime factors of 572.
2, 11, 13
List the prime factors of 2764.
2, 691
What are the prime factors of 557?
557
List the prime factors of 817.
19, 43
What are the prime factors of 1017?
3, 113
What are the prime factors of 13471?
19, 709
What are the prime factors of 2519?
11, 229
What are the prime factors of 1527?
3, 509
What are the prime factors of 14677?
13, 1129
List the prime factors of 6298.
2, 47, 67
List the prime factors of 13148.
2, 19, 173
List the prime factors of 1116.
2, 3, 31
List the prime factors of 14933.
109, 137
What are the prime factors of 8050?
2, 5, 7, 23
What are the prime factors of 369?
3, 41
What are the prime factors of 1044?
2, 3, 29
What are the prime factors of 1578?
2, 3, 263
What are the prime factors of 32573?
32573
What are the prime factors of 117281?
117281
What are the prime factors of 1534?
2, 13, 59
What are the prime factors of 1524?
2, 3, 127
List the prime factors of 26581.
19, 1399
List the prime factors of 1105.
5, 13, 17
List the prime factors of 3676.
2, 919
What are the prime factors of 1185?
3, 5, 79
What are the prime factors of 4180?
2, 5, 11, 19
List the prime factors of 290.
2, 5, 29
List the prime factors of 2170.
2, 5, 7, 31
List the prime factors of 12196.
2, 3049
What are the prime factors of 449?
449
What are the prime factors of 6535?
5, 1307
What are the prime factors of 24279?
3, 8093
List the prime factors of 29728.
2, 929
List the prime factors of 97318.
2, 13, 19, 197
List the prime factors of 956.
2, 239
What are the prime factors of 25606?
2, 7, 31, 59
List the prime factors of 37.
37
List the prime factors of 9147.
3, 3049
List the prime factors of 6205.
5, 17, 73
What are the prime factors of 1326?
2, 3, 13, 17
List the prime factors of 6467.
29, 223
List the prime factors of 558.
2, 3, 31
List the prime factors of 8348.
2, 2087
List the prime factors of 64577.
64577
List the prime factors of 55637.
23, 41, 59
List the prime factors of